 the hundreds digit of f?
2
Let k = 770 - 554. Let j = k - 122. What is the tens digit of j?
9
Let u(y) = 8*y**2 - 384*y + 142. What is the tens digit of u(-27)?
4
Suppose -x - 900 - 838 = -4*k, -k - 5*x = -445. Suppose -4*o - o = k. Let t = 159 + o. What is the units digit of t?
2
Let v = 19 + 7. Suppose -16 + v = a. Suppose a - 100 = -d. What is the tens digit of d?
9
Suppose g - 3 = -1. Let f = -2140 - -2260. Suppose o - f = -g*o. What is the tens digit of o?
4
Suppose b - 3244 = -2*s, -9704 = -3*b - 68*s + 69*s. What is the thousands digit of b?
3
Let i be -1*-6*33/12*2. Suppose 4 = 43*o - 41*o. What is the tens digit of i + (-1)/o*-6?
3
Suppose -13846 = -l - l. What is the thousands digit of l?
6
Suppose 2*k - a = 580, 2*k - 3*a + 48 = 624. Let o = k + -135. What is the hundreds digit of o?
1
Suppose 3*v - 67224 = 5*a, -2*v = -456*a + 455*a - 44809. What is the units digit of v?
3
Suppose 0 = 15*w - 11*w + 45*w - 844466. What is the ten thousands digit of w?
1
Suppose -219*t + 875704 = 133*t - 12459464. What is the thousands digit of t?
7
Let p(f) = -165*f - 93. Suppose 3*t - 99 = 14*t. What is the thousands digit of p(t)?
1
Suppose o = -14*t + 888282, 9*o = 5*t + 12*o - 317233. What is the hundreds digit of t?
4
Suppose 0 = 2238*b - 2298*b + 106080. What is the units digit of b?
8
Let s be (-45)/2*(-1 + (-3)/(-9)). Suppose 3*w = 5*l - 42 - s, -2 = 2*l + 5*w. Let u(v) = -v**3 + 9*v**2 + 9*v - 8. What is the units digit of u(l)?
3
Let i(t) = 6*t**3 - 2*t**2 + 5*t + 4. Let h be i(3). Let w = h - 43. Let r = w + -109. What is the units digit of r?
1
Let c(j) = -47*j + 10. Let m(h) = 46*h - 10. Let l(r) = -3*c(r) - 4*m(r). Let t be l(-3). Let q = t + -86. What is the units digit of q?
3
Let l(j) = j**2 - 6*j + 28. Let o be l(-10). What is the hundreds digit of (0 + -1 + o)*(-14)/(-14)?
1
Suppose 2*x + 20 = 6*x. Let v = 112 + x. What is the units digit of v?
7
Suppose 5*q - 5*n - 151470 = 0, q + 2*q - 90890 = 5*n. What is the units digit of q?
0
Let g = 28 + -28. Suppose -4*h - 5*u + g = -26, -h - 5*u + 14 = 0. What is the units digit of ((-3)/(-3) - -3)/(h/22)?
2
What is the tens digit of (-2)/25 + (-152769390)/(-11125)?
3
Suppose -16*a + 13*a = -2*m - 14, -m = 5*a - 19. Suppose 8 = -4*d, -4*d = 2*g + 343 - 1001. Suppose -12 = 4*y, a*q - y - 122 = g. What is the units digit of q?
3
Let r(o) = 1174*o - 3944. What is the ten thousands digit of r(16)?
1
Let q(h) = -70*h - 4. Let j be q(-8). Suppose 0 = u - 642 - j. What is the thousands digit of u?
1
What is the hundreds digit of 276*55/((-3300)/(-19480))?
6
Let v be 6/(-4)*456/(-36). What is the hundreds digit of -231*(5/(v + -4) + -3)?
6
Let q(g) = 2*g**3 + g**2 - 17*g + 40. Let p be -24*((405/40)/(-3) + 3). What is the hundreds digit of q(p)?
4
Let m(t) = -2064*t + 5228. What is the hundreds digit of m(-30)?
1
Let k(w) = -w + 16. Let h be k(5). Suppose h*t - 15*t = -3780. What is the tens digit of t?
4
Let u = 11009 - 6630. What is the tens digit of u?
7
Suppose -146*j + 22960 = -70*j - 71*j. What is the hundreds digit of j?
5
Let d(g) = 568 + 3*g**2 - 580*g**3 - g - 571 - 86*g**3. What is the units digit of d(-1)?
7
Suppose 3*p + 2*p + 5*z + 35 = 0, -2*z = 5*p + 26. Let l = 8 + p. Suppose 3*v - 20 = -v, 879 = l*w - v. What is the hundreds digit of w?
2
Let m = -92 - -199. Suppose 0 = 2*n - 4*t - m - 11, 4*n - 248 = -4*t. What is the tens digit of n?
6
Let v(r) = 19*r**2 - 14*r + 340. What is the hundreds digit of v(14)?
8
Suppose -5*v = 2*y + 633, 14*v - 13*v = 3*y - 113. Suppose -3*o + 3*w + 3 = 0, 3*o + 6*w = 4*w + 3. What is the hundreds digit of -3 + -3 + o + 7 - v?
1
Suppose 0 = -3*j - m + 8, 2*j + m + 4 = 5*m. Suppose j*h - 488 = 4*x, -4*h + 240 = -3*h - 4*x. What is the hundreds digit of h?
2
Let n be (-4)/18 + (-9)/((-405)/100). Suppose 3*g - 13 = u, 2*u + n*u - 5*g = -24. What is the tens digit of 2/(3 + u) - -31*2?
6
Let z(o) = o**2 - 11. Let y be z(4). Suppose 2*h + y*p - 7*p - 2134 = 0, 2*h = -5*p + 2113. What is the units digit of h?
4
Let u be ((-30)/(-20) + 33/(-14))*-7. Suppose 11*y - u*y - 5 = 0. What is the tens digit of ((-5220)/40)/((-6)/8*y)?
7
Let c(g) = 329*g - 601. What is the hundreds digit of c(4)?
7
Let n be (1/((-6)/27))/(9/(-12)). Let h(t) = 16 + 7*t - n*t + 0*t. What is the tens digit of h(28)?
4
Let a(q) = q**3 - 11*q**2 - 22*q + 17. Suppose -73*n = -77*n + 52. What is the units digit of a(n)?
9
Suppose 7*v + 593 - 600 = 0. Let p(i) = 877*i**3 + 2*i**2 + 3*i - 3. What is the hundreds digit of p(v)?
8
Suppose 22*w = 20 + 24. Suppose 5*g + 3*r = 1003, 2*g + 167 - 569 = -w*r. What is the tens digit of g?
0
Let i = 1817 - -884. What is the thousands digit of i?
2
Suppose -467 - 1195 = -k. Suppose -5*f + 4*v + 1636 = -1170, 0 = -3*f - 3*v + k. Suppose f = 3*w + 213. What is the tens digit of w?
1
Suppose 25*s = -14*s + 49*s - 184090. What is the tens digit of s?
0
Let z = 1945 - 3646. Let p = z - -2418. What is the units digit of p?
7
Suppose -s - 4*g = -20951, 168*s - 163*s - 2*g - 104909 = 0. What is the tens digit of s?
7
Let c(n) = -n + 6. Let h be c(-1). Let m be 2/((-42)/(-57)) + 2/h. Suppose -12 = -3*s, 6*x - m*s = x + 328. What is the units digit of x?
8
Let x be 2 + 1495/(1/1). Suppose 5*p = 3*h - x, -5*h - 3*p + 385 = -2144. What is the tens digit of h?
0
Let y be (-24)/(-14)*14/(-3 - -1). Let x = 22 + y. Suppose -6*p = -x*p + 84. What is the tens digit of p?
2
Let r(u) = 20*u + 12. Let p be r(3). Suppose 2*x + 76 = p. What is the tens digit of x + 2146/8 + 2/(-8)?
6
Suppose 5*p + 18*b - 99891 = 20*b, -3*p + 3*b = -59940. What is the ten thousands digit of p?
1
Let p = 24498 + -13595. What is the hundreds digit of p?
9
Let h(c) = 69*c + 13. Let m be h(11). Suppose 4*v - m = 2*q, -3*v + 3*q = -v - 382. Let g = v + -37. What is the tens digit of g?
5
Let j = 203 + -199. Suppose -j*t = 5*d - 5*t - 277, 4*d + 2*t - 230 = 0. What is the units digit of d?
6
Suppose 2*m = -4, -20*m = 5*g - 18*m - 26. What is the tens digit of (-4*g/(-72))/(3/2178)?
4
Suppose -2769 = -5*y + 2*y. Let x = -279 + y. Let a = -449 + x. What is the units digit of a?
5
Let i(n) = n + 2. Let u be i(3). Suppose 0 = 2*y - u + 1. What is the tens digit of (-7 + -197)*y/(-6)?
6
Suppose 104*r - 16*r + 1010652 = 2630468. What is the hundreds digit of r?
4
Let y(k) = k**3 + 9*k**2 - 23*k - 15. Let m be y(-11). Let v be (-14)/m*(-80)/(-70). Suppose 2*z + v*z = 366. What is the units digit of z?
1
Let k = 5079 - -1822. What is the tens digit of k?
0
Let o = 39980 - 22736. What is the thousands digit of o?
7
Let q be 4*-123*1*1. Let n = 872 + q. Suppose 4*x - n = -4*a, -3*x + 2*x + 2*a + 89 = 0. What is the tens digit of x?
9
Let w be ((-2)/(-1) + 14)/((-32)/16). What is the tens digit of (436/(-5))/((-123)/15 - w)?
3
What is the hundreds digit of 46978/10 - -12*2/(-30)?
6
Let b(u) = 1623*u + 8626. What is the units digit of b(-5)?
1
Let h be 2 - (-24)/(-10) - (-1166)/(-110). Let t(s) = 6*s**2 - 3*s - 12. What is the hundreds digit of t(h)?
7
Let m = 42 - 39. Suppose 4*d - 6*d = -m*q - 262, 3*d - 398 = 2*q. What is the tens digit of d?
3
Let s(v) = 2*v**2 + 52*v + 24367. What is the ten thousands digit of s(0)?
2
Let r be (4 + -1 - -367) + 2. Suppose 5*s = 2*s + r. Let i = 246 - s. What is the tens digit of i?
2
Suppose -8*o + 0*o + 42898 = -186078. What is the ten thousands digit of o?
2
Suppose -2045244 = -92*n - 115728. What is the units digit of n?
3
Let b = -58277 - -141312. What is the hundreds digit of b?
0
Let m be (11 + -5 + -4)*(2 - 1). Let a(j) = j**3 - 4*j**2 + j. Let h be a(4). Suppose -h*w = -m*w - 132. What is the units digit of w?
6
Suppose -101806 + 32119 = -54*f + 2427597. What is the hundreds digit of f?
2
Let r = 64 - 61. Suppose r*l - 29 = -14. Suppose -520 = -l*p - 60. What is the units digit of p?
2
Let w = 5323 - -264. What is the tens digit of w?
8
Suppose f + 3*r - 1093 = 4*r, -2*f + 4*r + 2184 = 0. What is the tens digit of 3*((-19)/(-38) + f/12)?
7
Suppose d - 723 = -5*f, 3*f - 6*d - 426 = -4*d. Suppose 21*b - 15*b = f. Suppose 1211 = 31*k - b*k. What is the hundreds digit of k?
1
Let g(r) = 137*r + 82. Let w(l) = l**3 - 2*l**2 - 4*l - 13. Let k be w(4). What is the hundreds digit of g(k)?
4
Let m(w) = -42*w**3 + 4*w**2 - 5*w - 2. Let o(l) = l**3 + 2*l**2 - l - 1. L